o + j + 6151 = 0, -223*j + 228*j + 2055 = o. What is the units digit of o?
0
Suppose 0 = 2*a + 5*h - 208, -2*a + 3*h + 137 = -39. Suppose 3*y - 83 = a. What is the units digit of y?
9
Let i(c) = c**3 - 12*c**2 + 12*c - 12. Let j(f) = -f**3 + 10*f**2 + 11. Let z be j(10). Let o be i(z). What is the tens digit of (o/(-3))/((-1)/(-63))?
2
Suppose -y - 82 = -931. What is the tens digit of y?
4
Let x(p) = -4*p + 1. Let f(z) = -4*z + 0*z - z + 3*z + 1. Let y be f(2). What is the tens digit of x(y)?
1
Let v(x) = 4*x**2 + 6*x - 26. Let f be v(5). Let a = f - 16. What is the units digit of a?
8
What is the tens digit of (4/3)/((-172)/(-59469))?
6
Let w(u) = 2*u**3 + u**2 - 2*u + 9. Let x be w(0). Suppose 13*c - x*c - 48 = 0. What is the tens digit of c?
1
Suppose -4664 - 2104 = -9*k. What is the tens digit of k?
5
Suppose -b = s - 12, -b + 0 = 1. Suppose -3*o - 14 = -5*o. Let p = s + o. What is the tens digit of p?
2
Let d(f) = f + 17. Suppose -4*k = 0, 0*k = -x + 5*k + 4. Suppose h - 2*h = -5*s - 6, s + x = 0. What is the units digit of d(h)?
3
Let x(f) = f**3 + 7*f**2 + f + 7. Let y be x(-7). Suppose 4*w + w + 80 = y. What is the units digit of (-13 + 1)*w/12?
6
Let l(d) = -9*d - 12. Let j be l(-10). Suppose x = -5*k - 128, -4*k + k = x + j. Let b = 24 - k. What is the units digit of b?
9
Let n = -129 + 135. What is the units digit of n?
6
What is the units digit of 525/(1 + 6)*1?
5
Suppose 5*h + 2*h = 35. Suppose -2*b + 2*r - r = -115, h*b - r = 286. What is the units digit of b?
7
Let g(s) be the third derivative of 13*s**4/4 - s**3/3 - 5*s**2. What is the tens digit of g(1)?
7
Let i(n) = 9*n**2 + 1. Let r be i(2). Let x = 31 + r. Suppose u + 77 = 4*w - 0*u, -4*w = -4*u - x. What is the units digit of w?
0
Let m be (-4)/(-16) + (-1)/4. Suppose -4*g - 4*v + 48 = 0, m*g - 24 = -g + 2*v. Let t = 12 + g. What is the units digit of t?
8
Let v = -136 - -200. Suppose -v = -4*x + 3*x + 3*s, -5*x + 344 = -3*s. What is the units digit of x?
0
Let i(m) = 3*m**2 - 11*m + 28. Let p(w) = -w**2 + 4*w - 9. Let u(c) = 3*i(c) + 8*p(c). What is the tens digit of u(-6)?
5
Let x = 1129 - -150. What is the units digit of x?
9
Suppose -3*o + 2*o = 0. Suppose o = 5*r - 760 + 110. Suppose -3*g = 5*q + 42 - r, -5*q = g - 36. What is the tens digit of g?
2
Let p = 5508 - 3507. What is the tens digit of p?
0
Let u(d) = 146*d - 13. Let a(y) = -364*y + 32. Let n(p) = -5*a(p) - 12*u(p). What is the hundreds digit of n(2)?
1
Let z(r) = 918*r**3 - 12*r + 13. What is the hundreds digit of z(1)?
9
Suppose -5710 + 121202 = 52*r. What is the units digit of r?
1
Let v(l) = -1 + 62*l - 5 + l**2 - 53*l. Let z be v(-10). What is the tens digit of ((-13)/z)/((-3)/12)?
1
Suppose -3*c + 8 + 18 = -t, t = 4*c - 29. Let b(j) = -j**2 - 21*j + 17. What is the units digit of b(t)?
5
Let f(x) = x**2 + 3*x - 6. Let h be f(-5). What is the tens digit of (-1490)/(-50)*(h + 1)?
4
Let i(h) = -h**3 - 5*h**2 - 4*h + 6. Let c be i(-4). Let z(y) = y**3 + 6 - 5*y**2 + 12*y - c*y**2 + 6. What is the units digit of z(10)?
2
Suppose j + 3*j = -4*b + 124, 0 = -4*b + j + 114. Let u = b - 8. What is the units digit of u?
1
Suppose 436 + 101 = -3*c. Let p = c + 64. What is the units digit of 2/(-7) + p/(-35)?
3
Let k(d) = -d - 4. Suppose 4*l = 3*x + 21, 3*x - 4*l = -7*l - 21. Let s be k(x). What is the tens digit of 4 + s/(-1) + 9?
1
Let w = -88 - -93. Suppose 5 = w*s, 2*s = -h - 2*s + 72. What is the tens digit of h?
6
Let x = -255 + 563. Let p = x + -128. What is the tens digit of p?
8
Let g(j) = -18*j**3 + 4*j**2 - 4. Let y(r) = 37*r**3 - 9*r**2 + 9. Let f(z) = -9*g(z) - 4*y(z). What is the hundreds digit of f(2)?
1
What is the units digit of ((-190)/3)/((-84)/126)?
5
Let r be (272/85)/(4/10). Suppose -r*f + 10*f = 88. Suppose -2*s - f = -5*d, -d + 3*s + 5 = -9. What is the units digit of d?
8
Let x be (-9)/(-12) - (-39)/12. Suppose 5 - 35 = -q - t, -5*t + 121 = x*q. What is the tens digit of q?
2
Suppose -5*s = 3*l - 6, 3*s + l = -3*l - 3. Suppose -j - 39 = -4*i, 5*i - 2*j = 4*i + 15. Suppose -s*v + 3 = -i. What is the units digit of v?
4
Let r be (-94)/(-2) + 2 + 0. Suppose 3*w + 40 = b + 8*w, -5*b + 60 = -3*w. Let z = r - b. What is the tens digit of z?
3
What is the tens digit of 162 - (-14 + 10 + 0 + 1)?
6
Let n = 2603 - 1505. What is the hundreds digit of n?
0
What is the units digit of (-11)/((-11)/585) - (-2)/(-2)?
4
Let u(l) be the first derivative of 4 + 4*l**2 - 5*l**2 + 2*l + 7*l - 5. What is the units digit of u(0)?
9
Suppose 0 = 6*n - 9 - 9. What is the units digit of (-3)/n*(-7)/1?
7
Let t = 174 + 124. What is the units digit of (-5 - -3)*t/(-4)?
9
Suppose -3*x + 4*n = -3398, 28*n - 1133 = -x + 29*n. What is the hundreds digit of x?
1
Suppose -8*s + 2935 = -5025. What is the hundreds digit of s?
9
Let u(d) = -24*d**2 + 53*d**2 + 1 + 2*d - d + 43*d**2. What is the tens digit of u(-1)?
7
Let t(j) = 3*j**2 + 6*j - 4. Suppose 0*h + 20 = -4*h. What is the units digit of t(h)?
1
Let t(w) = -w**3 + 23*w**2 - 43*w + 45. What is the tens digit of t(9)?
9
Suppose 3*d = -d + 4*t + 116, -2*d + 52 = t. Let x = d - -51. What is the tens digit of x?
7
Suppose 0 = 43*r - 62115 - 49556. What is the units digit of r?
7
Suppose 103*y = 124*y - 25452. What is the thousands digit of y?
1
Suppose 3*f - 9590 = 2*j, -2*j - 4660 + 1466 = -f. What is the tens digit of f?
9
Let s = 3470 + 357. What is the units digit of s?
7
Suppose 3*j + 8 + 4 = 0, -2*r - 4*j + 426 = 0. Let t = r + -90. What is the hundreds digit of t?
1
Let o(d) = -5*d**3 - 2*d**2 - d. Let l be o(-3). What is the tens digit of (-1594)/(-30) - 16/l?
5
Let s = 308 + -160. Suppose -s = -5*u + 367. What is the hundreds digit of u?
1
Suppose -25 = 30*f - 35*f. Suppose 2*w = -4, f*w = 5*h - 18 - 77. What is the units digit of h?
7
Suppose 0 = 3*i - 11 - 16. Let x(l) = l + 10. Let v be x(i). Suppose -v = -5*z + j, -6*z - 3*j = -2*z - 19. What is the units digit of z?
4
Let y(g) = -g**3 + 4*g**2 + 6*g - 3. Suppose 3*c - 10 = c. Let k be y(c). Suppose 4*x - 11 = -4*o - x, -10 = -3*o - k*x. What is the units digit of o?
4
Suppose 2*c + 3*c = -130. Let p = 4 + 1. Let g = p - c. What is the units digit of g?
1
Let u = -27 - -30. Suppose 0 = 3*b - 3*q - 174, -4*b + 0*q = u*q - 253. What is the tens digit of b?
6
Suppose 3*s - 2*s = 254. What is the tens digit of s?
5
Suppose -1670*z = -1676*z + 18528. What is the hundreds digit of z?
0
Let z = 26 - 26. What is the tens digit of (-13 + z)/((-3)/12)?
5
What is the units digit of (-1)/((-25)/156435) + (-3)/(-5)?
8
Let a(q) = 2*q - 8. Let w be a(4). Suppose 3*h = 2*l - 34 - 39, 4*h + 4 = w. What is the tens digit of l?
3
Suppose 13*w + 4*w - 11475 = 0. What is the tens digit of w?
7
Let x = 374 + -200. What is the tens digit of x?
7
Suppose 11*w - 8*w - 12 = 0. Let s be w*1 - (-13 - -15). Suppose -13 - s = -5*a. What is the units digit of a?
3
Suppose 3*j = -b + 57, 4*b + j + 3*j - 204 = 0. Suppose 0 = -5*r + b + 162. What is the tens digit of r?
4
Let x(t) = -t**3 + 9*t**2 + 5*t - 12. Let y be x(7). Suppose -3*l + y + 65 = 0. What is the tens digit of l?
6
Let j = 3603 + -2147. What is the units digit of j?
6
Let r = -17 + 32. Suppose n + r = 4*n. Suppose o - 25 = -2*w, 0 = -n*o - 3*w - 2 + 113. What is the tens digit of o?
2
Suppose -u = -2*u + 2*v + 108, 4*v = -20. Let b be 22/6 - 10/15. Suppose -b*o + u = -52. What is the tens digit of o?
5
What is the units digit of ((-9)/(-21))/1 + 8072/14?
7
Suppose -20*g + 17*g + j = -11523, -2*g + 4*j = -7692. What is the tens digit of g?
4
Let d(t) = t + 1. Let b be d(2). Suppose 1 = x + b. What is the tens digit of -1 + 23 - 2/x?
2
Let z(j) = -10*j - 21. Let n be z(-11). Let x = n - 25. What is the units digit of x?
4
Let x = -874 - -1367. What is the units digit of x?
3
Let r(m) = m**3 - 14*m**2 - 13*m - 20. Let n be r(15). Let y be (-80)/(-100)*n/4. Suppose 3*l - 5*j = 30, -3*j - 4 - y = -l. What is the units digit of l?
5
Suppose -176 = -4*b + 4*l, 4*l = 5*b - 68 - 152. Suppose b = -6*j + 164. What is the units digit of j?
0
Let a(m) = 3*m**2 + 41*m + 39. Let i = -2 + -14. What is the hundreds digit of a(i)?
1
Suppose -113*h + 115*h - 748 = 0. What is the units digit of h?
4
Let w be ((-798)/8)/(6*(-4)/64). Suppose -7*r + w + 154 = 0. What is the tens digit of r?
6
What